{"id":8576,"date":"2023-02-05T14:20:07","date_gmt":"2023-02-05T14:20:07","guid":{"rendered":"https:\/\/verlag.geh8.de\/?post_type=product&#038;p=8576"},"modified":"2025-02-20T22:37:29","modified_gmt":"2025-02-20T22:37:29","slug":"niemant-hat-absicht-eine-mauer-zu-begruenen","status":"publish","type":"product","link":"https:\/\/verlag.geh8.de\/?product=niemant-hat-absicht-eine-mauer-zu-begruenen","title":{"rendered":"Niemand hat die Absicht, eine Mauer zu begr\u00fcnen"},"content":{"rendered":"<div>\n<div>\n<div class=\"\">\n<p><strong>Redaktion &amp; Graphikdesign<\/strong>: Michael Merkel<br \/>\n<strong>Texte<\/strong>: Wolfram G\u00fcnther, Eva J\u00e4hnigen, Michael Merkel, Franziska Reinfried, Christiane Heinichen, Sophie Thorak<br \/>\n<strong>Lektorat &amp; \u00dcbersetzung:<\/strong> Friederike Fischer<br \/>\n<strong>Herausgeber<\/strong>: GEH8 Kunst Raum Ateliers gUG<\/p>\n<p>Unter dem Titel \u201eH\u00e4ngende G\u00e4rten oder: Niemand hat die Absicht, eine Mauer zu begr\u00fcnen\u201c rief die GEH8 2022 einen Gestaltungswettbewerb f\u00fcr eine Begr\u00fcnung ihrer Nordost-Fassade aus. In Zusammenarbeit mit vier Hochschulen aus den Neuen Bundesl\u00e4ndern entstanden so knapp 30 Entw\u00fcrfe, die einzeln oder im Team entwickelt wurden.<br \/>\nDas Buch stellt diese vor, erg\u00e4nzt durch Fachtexte zur Thematik und weitere Informationen zum Projekt.<\/p>\n<p>2022 | 152 Seiten<br \/>\n25 x 20 cm<br \/>\nISBN: 978-3-949612-02-2<\/p>\n<p>&nbsp;<\/p>\n<p><span class=\"\"><strong><em><span class=\"\" title=\"Bearbeitet\">Gef\u00f6rdert von der Beauftragten der Bundesregierung f\u00fcr Kultur und Medien.<\/span><\/em><\/strong><b class=\"\"><br \/>\n<\/b><\/span><\/p>\n<\/div>\n<div><\/div>\n<\/div>\n<div><a href=\"https:\/\/www.kulturstaatsministerin.de\"><img loading=\"lazy\" decoding=\"async\" class=\"alignnone wp-image-8334\" src=\"https:\/\/www.geh8.de\/page\/wp-content\/uploads\/2021\/07\/BKM_Office_Farbe_de-1024x418.jpg\" sizes=\"(max-width: 228px) 100vw, 228px\" srcset=\"https:\/\/www.geh8.de\/page\/wp-content\/uploads\/2021\/07\/BKM_Office_Farbe_de-1024x418.jpg 1024w, https:\/\/www.geh8.de\/page\/wp-content\/uploads\/2021\/07\/BKM_Office_Farbe_de-100x41.jpg 100w, https:\/\/www.geh8.de\/page\/wp-content\/uploads\/2021\/07\/BKM_Office_Farbe_de-80x33.jpg 80w, https:\/\/www.geh8.de\/page\/wp-content\/uploads\/2021\/07\/BKM_Office_Farbe_de-768x313.jpg 768w, https:\/\/www.geh8.de\/page\/wp-content\/uploads\/2021\/07\/BKM_Office_Farbe_de-1536x627.jpg 1536w, https:\/\/www.geh8.de\/page\/wp-content\/uploads\/2021\/07\/BKM_Office_Farbe_de.bmp 1960w\" alt=\"\" width=\"228\" height=\"93\" \/><\/a>\u00a0 \u00a0 <a href=\"https:\/\/soziokultur.neustartkultur.de\/programm2\/\"><img loading=\"lazy\" decoding=\"async\" class=\"alignnone wp-image-9753\" src=\"https:\/\/www.geh8.de\/page\/wp-content\/uploads\/2022\/01\/BVS_nk2_Logo_RGB_nk2.png\" sizes=\"(max-width: 117px) 100vw, 117px\" srcset=\"https:\/\/www.geh8.de\/page\/wp-content\/uploads\/2022\/01\/BVS_nk2_Logo_RGB_nk2.png 512w, https:\/\/www.geh8.de\/page\/wp-content\/uploads\/2022\/01\/BVS_nk2_Logo_RGB_nk2-100x63.png 100w, https:\/\/www.geh8.de\/page\/wp-content\/uploads\/2022\/01\/BVS_nk2_Logo_RGB_nk2-80x50.png 80w\" alt=\"\" width=\"117\" height=\"73\" \/><\/a> \u00a0\u00a0 \u00a0\u00a0 \u00a0<a href=\"https:\/\/www.soziokultur.de\"><img loading=\"lazy\" decoding=\"async\" class=\"alignnone wp-image-9755\" src=\"https:\/\/www.geh8.de\/page\/wp-content\/uploads\/2022\/01\/Download.png\" sizes=\"(max-width: 131px) 100vw, 131px\" srcset=\"https:\/\/www.geh8.de\/page\/wp-content\/uploads\/2022\/01\/Download.png 297w, https:\/\/www.geh8.de\/page\/wp-content\/uploads\/2022\/01\/Download-100x57.png 100w, https:\/\/www.geh8.de\/page\/wp-content\/uploads\/2022\/01\/Download-80x46.png 80w\" alt=\"\" width=\"131\" height=\"75\" \/><\/a> <a href=\"https:\/\/www.bundesregierung.de\/breg-de\/bundesregierung\/ bundeskanzleramt\/staatsministerin-fuer-kultur-und-medien\/neustart-kultur-startet-1841780\"><img loading=\"lazy\" decoding=\"async\" class=\"alignnone wp-image-9905\" src=\"https:\/\/www.geh8.de\/page\/wp-content\/uploads\/2022\/01\/2020-07-03-bkm-neustart-kultur.jpg\" sizes=\"(max-width: 140px) 100vw, 140px\" srcset=\"https:\/\/www.geh8.de\/page\/wp-content\/uploads\/2022\/01\/2020-07-03-bkm-neustart-kultur.jpg 1023w, https:\/\/www.geh8.de\/page\/wp-content\/uploads\/2022\/01\/2020-07-03-bkm-neustart-kultur-100x56.jpg 100w, https:\/\/www.geh8.de\/page\/wp-content\/uploads\/2022\/01\/2020-07-03-bkm-neustart-kultur-80x45.jpg 80w, https:\/\/www.geh8.de\/page\/wp-content\/uploads\/2022\/01\/2020-07-03-bkm-neustart-kultur-768x432.jpg 768w, https:\/\/www.geh8.de\/page\/wp-content\/uploads\/2022\/01\/2020-07-03-bkm-neustart-kultur-900x506.jpg 900w, https:\/\/www.geh8.de\/page\/wp-content\/uploads\/2022\/01\/2020-07-03-bkm-neustart-kultur-600x337.jpg 600w, https:\/\/www.geh8.de\/page\/wp-content\/uploads\/2022\/01\/2020-07-03-bkm-neustart-kultur-320x180.jpg 320w, https:\/\/www.geh8.de\/page\/wp-content\/uploads\/2022\/01\/2020-07-03-bkm-neustart-kultur-120x67.jpg 120w\" alt=\"\" width=\"140\" height=\"79\" \/><\/a><\/div>\n<\/div>\n<div><\/div>\n<div><\/div>\n<div><img loading=\"lazy\" decoding=\"async\" class=\"alignnone size-full wp-image-8645\" src=\"https:\/\/verlag.geh8.de\/wp-content\/uploads\/2023\/10\/Platzhalter.jpg\" alt=\"\" width=\"451\" height=\"78\" srcset=\"https:\/\/verlag.geh8.de\/wp-content\/uploads\/2023\/10\/Platzhalter.jpg 451w, https:\/\/verlag.geh8.de\/wp-content\/uploads\/2023\/10\/Platzhalter-300x52.jpg 300w\" sizes=\"(max-width: 451px) 100vw, 451px\" \/><\/div>\n<div><\/div>\n","protected":false},"excerpt":{"rendered":"<p>Redaktion &amp; Graphikdesign: Michael Merkel Texte: Wolfram G\u00fcnther, Eva J\u00e4hnigen, Michael Merkel, Franziska Reinfried, Christiane Heinichen, Sophie Thorak Lektorat &amp; \u00dcbersetzung: Friederike Fischer Herausgeber: GEH8 Kunst Raum Ateliers gUG Unter dem Titel \u201eH\u00e4ngende G\u00e4rten oder: Niemand hat die Absicht, eine Mauer zu begr\u00fcnen\u201c rief die GEH8 2022 einen Gestaltungswettbewerb f\u00fcr eine Begr\u00fcnung ihrer Nordost-Fassade aus&#8230;.<\/p>\n","protected":false},"featured_media":8587,"template":"","meta":[],"product_cat":[30],"product_tag":[],"_links":{"self":[{"href":"https:\/\/verlag.geh8.de\/index.php?rest_route=\/wp\/v2\/product\/8576"}],"collection":[{"href":"https:\/\/verlag.geh8.de\/index.php?rest_route=\/wp\/v2\/product"}],"about":[{"href":"https:\/\/verlag.geh8.de\/index.php?rest_route=\/wp\/v2\/types\/product"}],"wp:featuredmedia":[{"embeddable":true,"href":"https:\/\/verlag.geh8.de\/index.php?rest_route=\/wp\/v2\/media\/8587"}],"wp:attachment":[{"href":"https:\/\/verlag.geh8.de\/index.php?rest_route=%2Fwp%2Fv2%2Fmedia&parent=8576"}],"wp:term":[{"taxonomy":"product_cat","embeddable":true,"href":"https:\/\/verlag.geh8.de\/index.php?rest_route=%2Fwp%2Fv2%2Fproduct_cat&post=8576"},{"taxonomy":"product_tag","embeddable":true,"href":"https:\/\/verlag.geh8.de\/index.php?rest_route=%2Fwp%2Fv2%2Fproduct_tag&post=8576"}],"curies":[{"name":"wp","href":"https:\/\/api.w.org\/{rel}","templated":true}]}}