{"id":8534,"date":"2022-12-22T18:27:29","date_gmt":"2022-12-22T18:27:29","guid":{"rendered":"https:\/\/verlag.geh8.de\/?post_type=product&#038;p=8534"},"modified":"2025-02-20T22:35:17","modified_gmt":"2025-02-20T22:35:17","slug":"geh8-was-machen-die-da-eigentlich","status":"publish","type":"product","link":"https:\/\/verlag.geh8.de\/?product=geh8-was-machen-die-da-eigentlich","title":{"rendered":"GEH8 \u2013 Was machen die da eigentlich?"},"content":{"rendered":"<div>\n<p><strong>GEH8 \u2013 WAS MACHEN DIE DA EIGENTLICH?<\/strong><\/p>\n<p><strong>Redaktion und Idee:<\/strong> Michael Merkel<br \/>\n<strong>Text:<\/strong> Kathrin Assauer<br \/>\n<strong>Lektorat:<\/strong> Friederike Fischer<br \/>\n<strong>Illustration:<\/strong> Marie Geissler<\/p>\n<p>Au\u00dfer M\u00fcllhalden fabrizieren, laute Partys feiern und Steuergelder verprassen? Gianna, der Grille vom Amt, ist auch nicht klar, warum Bronze-Burger und Puzzles Kunst sein sollen. Adi, die Assel, zeigt ihr das Kunst- und Atelierhaus GEH8 und was so passiert, wenn sich an einem Ort Kinder, Kunst- und Kulturschaffende einen Freiraum teilen. Ein monstr\u00f6ser Hase, der wie durch Zauberei verschwindet, ein Fluss mitten durch die gro\u00dfe Ausstellungshalle, gr\u00fcne D\u00e4cher und Fassaden, Maklermaden und Mietpreisbremsen, Hoch- und Zeitenstapelei. Das alles und noch viel mehr k\u00f6nnt ihr mit den beiden erleben.<\/p>\n<p>Also, was machen die da nun?<\/p>\n<p>2022\u00a0| 60\u00a0Seiten<br \/>\n24 x 19\u00a0cm<br \/>\nISBN: 978-3-949612-03-9<\/p>\n<p>&nbsp;<\/p>\n<div>\n<div>\n<div class=\"\">\n<p><span class=\"\"><strong><em><span class=\"\" title=\"Bearbeitet\">Gef\u00f6rdert von der Beauftragten der Bundesregierung f\u00fcr Kultur und Medien.<\/span><\/em><\/strong><b class=\"\"><br \/>\n<\/b><\/span><\/p>\n<\/div>\n<div><\/div>\n<\/div>\n<div><a href=\"https:\/\/www.kulturstaatsministerin.de\"><img loading=\"lazy\" decoding=\"async\" class=\"alignnone wp-image-8334\" src=\"https:\/\/www.geh8.de\/page\/wp-content\/uploads\/2021\/07\/BKM_Office_Farbe_de-1024x418.jpg\" sizes=\"(max-width: 228px) 100vw, 228px\" srcset=\"https:\/\/www.geh8.de\/page\/wp-content\/uploads\/2021\/07\/BKM_Office_Farbe_de-1024x418.jpg 1024w, https:\/\/www.geh8.de\/page\/wp-content\/uploads\/2021\/07\/BKM_Office_Farbe_de-100x41.jpg 100w, https:\/\/www.geh8.de\/page\/wp-content\/uploads\/2021\/07\/BKM_Office_Farbe_de-80x33.jpg 80w, https:\/\/www.geh8.de\/page\/wp-content\/uploads\/2021\/07\/BKM_Office_Farbe_de-768x313.jpg 768w, https:\/\/www.geh8.de\/page\/wp-content\/uploads\/2021\/07\/BKM_Office_Farbe_de-1536x627.jpg 1536w, https:\/\/www.geh8.de\/page\/wp-content\/uploads\/2021\/07\/BKM_Office_Farbe_de.bmp 1960w\" alt=\"\" width=\"228\" height=\"93\" \/><\/a>\u00a0 \u00a0 <a href=\"https:\/\/soziokultur.neustartkultur.de\/programm2\/\"><img loading=\"lazy\" decoding=\"async\" class=\"alignnone wp-image-9753\" src=\"https:\/\/www.geh8.de\/page\/wp-content\/uploads\/2022\/01\/BVS_nk2_Logo_RGB_nk2.png\" sizes=\"(max-width: 117px) 100vw, 117px\" srcset=\"https:\/\/www.geh8.de\/page\/wp-content\/uploads\/2022\/01\/BVS_nk2_Logo_RGB_nk2.png 512w, https:\/\/www.geh8.de\/page\/wp-content\/uploads\/2022\/01\/BVS_nk2_Logo_RGB_nk2-100x63.png 100w, https:\/\/www.geh8.de\/page\/wp-content\/uploads\/2022\/01\/BVS_nk2_Logo_RGB_nk2-80x50.png 80w\" alt=\"\" width=\"117\" height=\"73\" \/><\/a> \u00a0\u00a0 \u00a0\u00a0 \u00a0<a href=\"https:\/\/www.soziokultur.de\"><img loading=\"lazy\" decoding=\"async\" class=\"alignnone wp-image-9755\" src=\"https:\/\/www.geh8.de\/page\/wp-content\/uploads\/2022\/01\/Download.png\" sizes=\"(max-width: 131px) 100vw, 131px\" srcset=\"https:\/\/www.geh8.de\/page\/wp-content\/uploads\/2022\/01\/Download.png 297w, https:\/\/www.geh8.de\/page\/wp-content\/uploads\/2022\/01\/Download-100x57.png 100w, https:\/\/www.geh8.de\/page\/wp-content\/uploads\/2022\/01\/Download-80x46.png 80w\" alt=\"\" width=\"131\" height=\"75\" \/><\/a> <a href=\"https:\/\/www.bundesregierung.de\/breg-de\/bundesregierung\/ bundeskanzleramt\/staatsministerin-fuer-kultur-und-medien\/neustart-kultur-startet-1841780\"><img loading=\"lazy\" decoding=\"async\" class=\"alignnone wp-image-9905\" src=\"https:\/\/www.geh8.de\/page\/wp-content\/uploads\/2022\/01\/2020-07-03-bkm-neustart-kultur.jpg\" sizes=\"(max-width: 140px) 100vw, 140px\" srcset=\"https:\/\/www.geh8.de\/page\/wp-content\/uploads\/2022\/01\/2020-07-03-bkm-neustart-kultur.jpg 1023w, https:\/\/www.geh8.de\/page\/wp-content\/uploads\/2022\/01\/2020-07-03-bkm-neustart-kultur-100x56.jpg 100w, https:\/\/www.geh8.de\/page\/wp-content\/uploads\/2022\/01\/2020-07-03-bkm-neustart-kultur-80x45.jpg 80w, https:\/\/www.geh8.de\/page\/wp-content\/uploads\/2022\/01\/2020-07-03-bkm-neustart-kultur-768x432.jpg 768w, https:\/\/www.geh8.de\/page\/wp-content\/uploads\/2022\/01\/2020-07-03-bkm-neustart-kultur-900x506.jpg 900w, https:\/\/www.geh8.de\/page\/wp-content\/uploads\/2022\/01\/2020-07-03-bkm-neustart-kultur-600x337.jpg 600w, https:\/\/www.geh8.de\/page\/wp-content\/uploads\/2022\/01\/2020-07-03-bkm-neustart-kultur-320x180.jpg 320w, https:\/\/www.geh8.de\/page\/wp-content\/uploads\/2022\/01\/2020-07-03-bkm-neustart-kultur-120x67.jpg 120w\" alt=\"\" width=\"140\" height=\"79\" \/><\/a><\/div>\n<\/div>\n<\/div>\n<div><\/div>\n<div><\/div>\n","protected":false},"excerpt":{"rendered":"<p>GEH8 \u2013 WAS MACHEN DIE DA EIGENTLICH? Redaktion und Idee: Michael Merkel Text: Kathrin Assauer Lektorat: Friederike Fischer Illustration: Marie Geissler Au\u00dfer M\u00fcllhalden fabrizieren, laute Partys feiern und Steuergelder verprassen? Gianna, der Grille vom Amt, ist auch nicht klar, warum Bronze-Burger und Puzzles Kunst sein sollen. Adi, die Assel, zeigt ihr das Kunst- und Atelierhaus&#8230;<\/p>\n","protected":false},"featured_media":8573,"template":"","meta":[],"product_cat":[30],"product_tag":[],"_links":{"self":[{"href":"https:\/\/verlag.geh8.de\/index.php?rest_route=\/wp\/v2\/product\/8534"}],"collection":[{"href":"https:\/\/verlag.geh8.de\/index.php?rest_route=\/wp\/v2\/product"}],"about":[{"href":"https:\/\/verlag.geh8.de\/index.php?rest_route=\/wp\/v2\/types\/product"}],"wp:featuredmedia":[{"embeddable":true,"href":"https:\/\/verlag.geh8.de\/index.php?rest_route=\/wp\/v2\/media\/8573"}],"wp:attachment":[{"href":"https:\/\/verlag.geh8.de\/index.php?rest_route=%2Fwp%2Fv2%2Fmedia&parent=8534"}],"wp:term":[{"taxonomy":"product_cat","embeddable":true,"href":"https:\/\/verlag.geh8.de\/index.php?rest_route=%2Fwp%2Fv2%2Fproduct_cat&post=8534"},{"taxonomy":"product_tag","embeddable":true,"href":"https:\/\/verlag.geh8.de\/index.php?rest_route=%2Fwp%2Fv2%2Fproduct_tag&post=8534"}],"curies":[{"name":"wp","href":"https:\/\/api.w.org\/{rel}","templated":true}]}}

<div>
<p><strong>GEH8 – WAS MACHEN DIE DA EIGENTLICH?</strong></p>
<p><strong>Redaktion und Idee:</strong> Michael Merkel<br />
<strong>Text:</strong> Kathrin Assauer<br />
<strong>Lektorat:</strong> Friederike Fischer<br />
<strong>Illustration:</strong> Marie Geissler</p>
<p>Außer Müllhalden fabrizieren, laute Partys feiern und Steuergelder verprassen? Gianna, der Grille vom Amt, ist auch nicht klar, warum Bronze-Burger und Puzzles Kunst sein sollen. Adi, die Assel, zeigt ihr das Kunst- und Atelierhaus GEH8 und was so passiert, wenn sich an einem Ort Kinder, Kunst- und Kulturschaffende einen Freiraum teilen. Ein monströser Hase, der wie durch Zauberei verschwindet, ein Fluss mitten durch die große Ausstellungshalle, grüne Dächer und Fassaden, Maklermaden und Mietpreisbremsen, Hoch- und Zeitenstapelei. Das alles und noch viel mehr könnt ihr mit den beiden erleben.</p>
<p>Also, was machen die da nun?</p>
<p>2022 | 60 Seiten<br />
24 x 19 cm<br />
ISBN: 978-3-949612-03-9</p>
<p>&nbsp;</p>
<div>
<div>
<div class="">
<p><span class=""><strong><em><span class="" title="Bearbeitet">Gefördert von der Beauftragten der Bundesregierung für Kultur und Medien.</span></em></strong><b class=""><br />
</b></span></p>
</div>
<div></div>
</div>
<div><a href="https://www.kulturstaatsministerin.de"><img loading="lazy" decoding="async" class="alignnone wp-image-8334" src="https://www.geh8.de/page/wp-content/uploads/2021/07/BKM_Office_Farbe_de-1024x418.jpg" sizes="(max-width: 228px) 100vw, 228px" srcset="https://www.geh8.de/page/wp-content/uploads/2021/07/BKM_Office_Farbe_de-1024x418.jpg 1024w, https://www.geh8.de/page/wp-content/uploads/2021/07/BKM_Office_Farbe_de-100x41.jpg 100w, https://www.geh8.de/page/wp-content/uploads/2021/07/BKM_Office_Farbe_de-80x33.jpg 80w, https://www.geh8.de/page/wp-content/uploads/2021/07/BKM_Office_Farbe_de-768x313.jpg 768w, https://www.geh8.de/page/wp-content/uploads/2021/07/BKM_Office_Farbe_de-1536x627.jpg 1536w, https://www.geh8.de/page/wp-content/uploads/2021/07/BKM_Office_Farbe_de.bmp 1960w" alt="" width="228" height="93" /></a>    <a href="https://soziokultur.neustartkultur.de/programm2/"><img loading="lazy" decoding="async" class="alignnone wp-image-9753" src="https://www.geh8.de/page/wp-content/uploads/2022/01/BVS_nk2_Logo_RGB_nk2.png" sizes="(max-width: 117px) 100vw, 117px" srcset="https://www.geh8.de/page/wp-content/uploads/2022/01/BVS_nk2_Logo_RGB_nk2.png 512w, https://www.geh8.de/page/wp-content/uploads/2022/01/BVS_nk2_Logo_RGB_nk2-100x63.png 100w, https://www.geh8.de/page/wp-content/uploads/2022/01/BVS_nk2_Logo_RGB_nk2-80x50.png 80w" alt="" width="117" height="73" /></a>        <a href="https://www.soziokultur.de"><img loading="lazy" decoding="async" class="alignnone wp-image-9755" src="https://www.geh8.de/page/wp-content/uploads/2022/01/Download.png" sizes="(max-width: 131px) 100vw, 131px" srcset="https://www.geh8.de/page/wp-content/uploads/2022/01/Download.png 297w, https://www.geh8.de/page/wp-content/uploads/2022/01/Download-100x57.png 100w, https://www.geh8.de/page/wp-content/uploads/2022/01/Download-80x46.png 80w" alt="" width="131" height="75" /></a> <a href="https://www.bundesregierung.de/breg-de/bundesregierung/ bundeskanzleramt/staatsministerin-fuer-kultur-und-medien/neustart-kultur-startet-1841780"><img loading="lazy" decoding="async" class="alignnone wp-image-9905" src="https://www.geh8.de/page/wp-content/uploads/2022/01/2020-07-03-bkm-neustart-kultur.jpg" sizes="(max-width: 140px) 100vw, 140px" srcset="https://www.geh8.de/page/wp-content/uploads/2022/01/2020-07-03-bkm-neustart-kultur.jpg 1023w, https://www.geh8.de/page/wp-content/uploads/2022/01/2020-07-03-bkm-neustart-kultur-100x56.jpg 100w, https://www.geh8.de/page/wp-content/uploads/2022/01/2020-07-03-bkm-neustart-kultur-80x45.jpg 80w, https://www.geh8.de/page/wp-content/uploads/2022/01/2020-07-03-bkm-neustart-kultur-768x432.jpg 768w, https://www.geh8.de/page/wp-content/uploads/2022/01/2020-07-03-bkm-neustart-kultur-900x506.jpg 900w, https://www.geh8.de/page/wp-content/uploads/2022/01/2020-07-03-bkm-neustart-kultur-600x337.jpg 600w, https://www.geh8.de/page/wp-content/uploads/2022/01/2020-07-03-bkm-neustart-kultur-320x180.jpg 320w, https://www.geh8.de/page/wp-content/uploads/2022/01/2020-07-03-bkm-neustart-kultur-120x67.jpg 120w" alt="" width="140" height="79" /></a></div>
</div>
</div>
<div></div>
<div></div>

<p>GEH8 – WAS MACHEN DIE DA EIGENTLICH? Redaktion und Idee: Michael Merkel Text: Kathrin Assauer Lektorat: Friederike Fischer Illustration: Marie Geissler Außer Müllhalden fabrizieren, laute Partys feiern und Steuergelder verprassen? Gianna, der Grille vom Amt, ist auch nicht klar, warum Bronze-Burger und Puzzles Kunst sein sollen. Adi, die Assel, zeigt ihr das Kunst- und Atelierhaus&#8230;</p>
